92 and 16.
16
What is the greatest common divisor of 635 and 5?
5
What is the greatest common divisor of 756060 and 10?
10
What is the highest common factor of 14504 and 224?
56
Calculate the highest common divisor of 1074 and 100598.
358
What is the greatest common factor of 195 and 473577?
39
What is the greatest common divisor of 495 and 75515?
55
Calculate the highest common factor of 182 and 8974.
14
Calculate the greatest common factor of 48 and 814020.
12
What is the highest common factor of 88728 and 408?
24
Calculate the greatest common divisor of 36 and 431154.
18
What is the highest common divisor of 13213 and 4163?
181
What is the highest common factor of 32 and 437984?
32
Calculate the highest common factor of 8854 and 114.
38
What is the greatest common factor of 62594 and 68?
34
What is the highest common divisor of 69168 and 393?
393
What is the highest common factor of 23568 and 72?
24
Calculate the highest common divisor of 177 and 1792125.
177
What is the highest common divisor of 143521 and 909?
101
Calculate the highest common divisor of 33460 and 140.
140
What is the greatest common divisor of 163523 and 272?
17
Calculate the greatest common divisor of 924957 and 11.
11
What is the greatest common factor of 525 and 172620?
105
What is the greatest common divisor of 5833 and 7368?
307
Calculate the highest common factor of 1488400 and 200.
200
What is the greatest common factor of 6116 and 132?
44
What is the highest common divisor of 40 and 4120?
40
Calculate the highest common factor of 132608 and 84.
28
What is the highest common factor of 542740 and 88?
44
Calculate the greatest common divisor of 126893 and 1677.
559
What is the greatest common divisor of 22610 and 42?
14
What is the highest common divisor of 4064 and 105283?
127
What is the highest common divisor of 2635 and 6355?
155
Calculate the highest common factor of 944788 and 260.
52
What is the highest common factor of 13172 and 592?
148
What is the greatest common divisor of 559780 and 572?
52
Calculate the highest common factor of 12546 and 68.
34
What is the greatest common factor of 341 and 604717?
31
What is the greatest common divisor of 75 and 30465?
15
Calculate the highest common factor of 251025 and 175.
25
Calculate the greatest common factor of 6354 and 18.
18
Calculate the greatest common factor of 1547627 and 41.
41
Calculate the highest common divisor of 1922 and 3286.
62
Calculate the greatest common divisor of 75852 and 216.
36
What is the highest common factor of 49898 and 1098?
122
What is the greatest common divisor of 13368 and 60?
12
Calculate the highest common factor of 92299 and 552.
23
What is the highest common factor of 182 and 170170?
182
What is the greatest common divisor of 1151 and 21313067?
1151
Calculate the greatest common divisor of 1052798 and 111.
37
Calculate the greatest common factor of 1607711 and 723.
241
Calculate the highest common factor of 5491 and 77741.
289
What is the highest common factor of 292615 and 860?
215
What is the greatest common factor of 780 and 40755?
195
Calculate the greatest common divisor of 1164 and 252.
12
Calculate the greatest common factor of 68 and 159987.
17
Calculate the greatest common factor of 1302 and 42.
42
Calculate the greatest common factor of 1370 and 109326.
274
Calculate the greatest common factor of 10 and 103570.
10
What is the highest common divisor of 720 and 4912?
16
Calculate the highest common factor of 2757048 and 1512.
168
Calculate the greatest common factor of 7685 and 87.
29
Calculate the highest common divisor of 143 and 15587.
143
Calculate the highest common divisor of 35400 and 143016.
1416
Calculate the greatest common factor of 352988 and 358.
358
Calculate the highest common divisor of 14092 and 2.
2
Calculate the highest common factor of 306 and 8228.
34
Calculate the greatest common divisor of 17051 and 89301.
289
What is the greatest common factor of 96704 and 320?
64
Calculate the greatest common divisor of 74366 and 618.
206
What is the highest common factor of 15 and 274785?
15
What is the greatest common divisor of 96 and 35696?
16
Calculate the greatest common factor of 1162 and 1104481.
581
Calculate the greatest common divisor of 108212 and 1300.
52
What is the highest common factor of 205 and 2650240?
205
Calculate the greatest common divisor of 288 and 424980.
36
What is the greatest common factor of 2145 and 1485?
165
What is the greatest common factor of 94619 and 14?
7
What is the highest common divisor of 640 and 84240?
80
Calculate the greatest common factor of 726 and 20724.
66
What is the highest common divisor of 221862 and 1545?
309
What is the highest common factor of 13593 and 4728?
591
Calculate the highest common divisor of 74418 and 7536.
942
What is the highest common divisor of 263713 and 6?
1
Calculate the highest common divisor of 2 and 190560.
2
What is the greatest common divisor of 430 and 426990?
430
What is the greatest common factor of 1553293 and 1652?
413
Calculate the highest common factor of 1302 and 13269.
3
What is the greatest common factor of 31 and 449531?
31
What is the greatest common factor of 304 and 133304?
152
What is the greatest common divisor of 350 and 13454?
14
What is the greatest common factor of 43884 and 3498?
318
What is the greatest common factor of 139 and 15151?
139
Calculate the greatest common factor of 957 and 132.
33
What is the greatest common factor of 638 and 2734149?
319
What is the highest common divisor of 52845 and 10140?
195
What is the highest common factor of 18581 and 1513?
17
Calculate the highest common factor of 63974 and 58.
58
What is the highest common divisor of 525870 and 90?
90
Calculate the highest common factor of 73269 and 12.
3
What is the greatest common divisor of 951372 and 216?
108
What is the highest common factor of 568 and 267244?
284
Calculate the greatest common factor of 3692 and 458944.
284
Calculate the greatest common divisor of 400 and 258200.
200
What is the greatest common divisor of 127716 and 1044?
348
What is the highest common divisor of 28198 and 2576?
46
What is the greatest common factor of 140 and 21532?
28
What is the greatest common factor of 49 and 327761?
49
Calculate the greatest common factor of 104247 and 286.
143
What is the highest common divisor of 20 and 2951870?
10
What is the highest common divisor of 32 and 503584?
32
What is the highest common divisor of 768 and 739200?
384
Calculate the greatest common divisor of 148 and 1186.
2
Calculate the highest common factor of 206 and 88992.
206
Calculate the greatest common divisor of 129 and 6639.
3
What is the highest common divisor of 14265 and 1089?
9
Calculate the greatest common divisor of 208 and 1209.
13
What is the highest common divisor of 1037540 and 420?
140
What is the greatest common divisor of 1617125 and 850?
425
What is the highest common factor of 30 and 1475736?
6
What is the greatest common divisor of 85 and 77890?
5
Calculate the highest common factor of 151 and 52.
1
Calculate the highest common factor of 1544 and 46513.
193
What is the highest common factor of 553 and 22831?
79
Calculate the highest common divisor of 48760 and 667.
23
Calculate the highest common divisor of 1095390 and 30.
30
What is the greatest common factor of 1599 and 49815?
123
Calculate the highest common factor of 161 and 317653.
161
What is the highest common divisor of 1667 and 12437487?
1667
What is the highest common divisor of 9864 and 528?
24
What is the highest common factor of 38 and 3363?
19
Calculate the highest common divisor of 36 and 676.
4
What is the greatest common factor of 3092 and 108?
4
What is the greatest common factor of 945 and 18711?
189
Calculate the highest common divisor of 120 and 44760.
120
What is the greatest common divisor of 3292 and 7655546?
1646
Calculate the greatest common factor of 48372 and 1.
1
Calculate the highest common divisor of 119 and 47859.
7
Calculate the highest common divisor of 75600 and 34800.
1200
Calculate the highest common factor of 751550 and 50.
50
Calculate the highest common factor of 17750 and 20.
10
What is the highest common divisor of 16 and 374384?
16
Calculate the highest common factor of 18437 and 15347.
103
Calcula